s(j) = -178*j + 1678. Let f be s(9). Calculate the highest common factor of f and 3838.
38
Suppose -h - 31 = 4*h - 2*m, 3*m + 27 = -3*h. Let f(b) = 4*b + 72. Let y be f(h). Calculate the greatest common factor of y and 44.
44
Suppose d - 169 = -3*r, 317*r - 153 = 314*r - 3*d. Suppose 5*t - 4*f = 5601, t = 5*f + 1563 - 447. Calculate the highest common factor of t and r.
59
Let a be (-21)/(-35) - (((-21906)/15)/1 - -4). Calculate the highest common factor of a and 93.
31
Suppose 4466 = 4*i + 2*z, 0 = -2*i - 92*z + 90*z + 2230. Calculate the greatest common factor of i and 338.
26
Suppose v - 5*o - 259 = 0, 4*o = 285 - 281. Let c(b) = b**3 - 5*b**2 - 6*b + 3. Let x be c(6). What is the highest common factor of v and x?
3
Let g(x) = -17*x + 6. Let h be g(-3). Let q(a) = 3*a + 125. Let u be q(-10). Calculate the greatest common divisor of u and h.
19
Let r(t) = t**2 - 5*t - 1. Let s be r(6). Suppose -s*k - 2 = -7*k. Let w(x) = 24*x. Let y be w(k). What is the highest common divisor of 12 and y?
12
Let z be 55 + 1 + (7 - 3)/(-4). Suppose 3*y + 2*y = z. Suppose 4*h - 20 = 3*f + 31, 4*f = -h - y. Calculate the highest common divisor of 3 and h.
3
Let f(v) = 3*v - 25. Suppose -237 + 62 = -5*k. Let h be f(k). Calculate the greatest common factor of 64 and h.
16
Let y(f) = -2*f**3 - f**2 + 44*f + 72. Let m be y(-6). What is the highest common factor of m and 2074?
34
Suppose 2*x = 2*m + m + 781, -2*m + 1522 = 4*x. Let b = -359 + x. What is the greatest common divisor of b and 228?
12
Suppose 10*b = -4*c + 6*b + 6340, -3*c = -b - 4751. What is the highest common divisor of c and 108?
36
Let k = 6013 - 3963. What is the greatest common divisor of k and 30?
10
Let a(n) = -29 - n**2 + 3*n - 12*n + 31*n. Let q be a(17). Let k be q*(-4)/(-4) - (-1 + 1). Calculate the greatest common factor of k and 14.
14
Suppose -5 = -5*r + 4*r - 5*p, -5*p + 15 = 3*r. Let k(z) = 3*z**2 - 13*z + 6. Let c be k(r). Let x = c - -6. What is the highest common factor of x and 110?
22
Suppose v - 99 = -x, -399 = -431*x + 427*x - 5*v. What is the greatest common factor of 2916 and x?
12
Let u be ((-16)/(-24))/(1/(-36)) - -2. Let b be 5/(10/u) - -1. Let j = b + 46. What is the highest common factor of j and 9?
9
Let y be 66 + -20 - (-1 + -1). Suppose 2*s + 5*z = 9 - 1, 2*s = 5*z + y. Let f be (36/24)/(6/224). Calculate the greatest common factor of s and f.
14
Suppose 39*s - 75 = -1245. Let b be 54/s + 2 + (-1318)/(-10). What is the highest common factor of 308 and b?
44
Let u = -5791 + 5833. What is the highest common divisor of 301 and u?
7
Let p(w) = -w**3 + 7*w**2 + 6*w + 24. Let i be p(-4). What is the greatest common divisor of i and 17072?
176
Let v(h) = -7*h**2 + 487*h - 451. Let a be v(66). Calculate the highest common divisor of 55 and a.
11
Let d(z) = z - 2*z**2 - 10 + 4*z**2 + 0*z**2. Let i = -684 - -680. Let g be d(i). Calculate the greatest common divisor of g and 144.
18
Suppose -3*t + 7*t - 4*v = 3512, 2*t + 2*v - 1752 = 0. Let z = -513 + t. What is the highest common factor of z and 28?
28
Suppose -4*m = -0*m - 128. Suppose 85*w + 255*w - 38*w = 302. Calculate the highest common divisor of w and m.
1
Suppose -180 = -4*n + 3*a + 265, 2*a - 430 = -4*n. Suppose 2*t - 94 = -4*o, -8*t - n = -10*t + o. Calculate the greatest common factor of 371 and t.
53
Let d be (847/33)/((-7)/(-462)). What is the highest common divisor of 231 and d?
77
Suppose 43 = -2*g + 3*g - 5*z, -2*z = 2*g - 50. Let f(c) = -299*c - 14340. Let q be f(-48). What is the greatest common factor of q and g?
4
Let k = 2632 - 2348. Calculate the highest common divisor of k and 80.
4
Let l(q) = -q**3 + 31*q**2 - 2*q + 67. Let s be l(31). Suppose -538 + 98 = -s*i. Calculate the highest common divisor of 16 and i.
8
Suppose 2*h + 56 = 2*y, 24 = y - 3*h + 4*h. Suppose 0 = -8*z + y + 14. Let g be (z + -3 - 0)*143. What is the greatest common divisor of 26 and g?
26
Suppose 0 = k + 1669 + 81. Let y be (-12)/(-10)*k/(-150). What is the greatest common divisor of y and 14?
14
Let a = 22 - -82. Let n be (a/(-10))/((-18)/45). Calculate the greatest common factor of n and 910.
26
Let a be (-8)/(-4)*1 + 0. Suppose 40 + 48 = 4*i. Suppose -12 = -0*n - n - a*s, i = n - 3*s. What is the highest common factor of 16 and n?
16
Let u be 11624/64 + 8/(192/9). What is the highest common divisor of 91 and u?
91
Let a(o) = o**3 + 14*o**2 - 13*o + 33. Let f be a(-15). Suppose 0 = f*j + 5*m - 1084, 5*j - 1819 = 2*m + 2*m. What is the greatest common factor of j and 33?
33
Let a(t) = -t**3 + 2*t**2 + 2*t - 4. Let h be a(-3). Suppose -n = -5*n - 12. Let x be -1*(-3 - -8) - n*4. Calculate the greatest common factor of h and x.
7
Let h = 58 - 60. Let w be h*(-744)/9 + 5/(-15). Let m be 4356/w - (0 - 6/10). What is the highest common factor of m and 3?
3
Let s(o) = -3*o**2 - 117*o - 162. Let j be s(-37). Calculate the highest common factor of j and 260.
20
Suppose 3*c - 65 = 46. Let y = 2905 + -2935. Let r = y + c. Calculate the highest common factor of r and 21.
7
Let s(g) = -g**2 - 15*g - 16. Let n be s(-12). Let j = -12 + n. Suppose -3*k = -0*k - 2*x - 371, 2*x = -j. Calculate the greatest common divisor of k and 11.
11
Let m(d) = -14*d + 158. Let q be m(3). Calculate the highest common divisor of 899 and q.
29
Suppose -392 = -4*q + 2*r, 7 = r + 11. What is the highest common factor of 672 and q?
96
Let c = -80 - -136. Suppose 2*j = w + 3 - 31, 5*j + 130 = 5*w. Suppose -28*a + w = -25*a. Calculate the greatest common divisor of c and a.
8
Suppose 5*f = 5*u + 1515, -2*f + 4*u - 570 = -4*f. Calculate the greatest common divisor of f and 44.
11
Let q be (-2)/10*(-5085 + 3) + (-332)/830. Calculate the highest common factor of 48 and q.
8
Suppose -2*x + 9 = m, 3*m - 30*x + 35*x - 28 = 0. What is the greatest common divisor of m and 128?
1
Suppose -100*s + 456 = -14*s - 62496. What is the greatest common divisor of s and 36?
12
Let p(y) = -y**3 + 7*y**2 - 18*y + 120. Let s be p(5). Calculate the highest common divisor of s and 5780.
20
Suppose -82*f + 5047 - 1148 = -3809. Let n(r) = 281*r + 1. Let s be n(1). Calculate the greatest common divisor of f and s.
94
Let q be 1152/(-96)*22/(-6). Calculate the highest common divisor of q and 649.
11
Let w(j) = 2*j**2 + 62*j - 612. Let z be w(14). Calculate the highest common factor of z and 1782.
162
Let k(g) = -g**3 + 32*g**2 - 23*g + 201. Let t be k(29). What is the highest common factor of 22 and t?
11
Suppose 87*r = 761240 + 1908529. Calculate the highest common divisor of r and 318.
159
Let c(s) = -s**3 - 29*s**2 - 13*s + 24. Let k be c(-28). Let n = k - -420. What is the highest common factor of 84 and n?
12
Let y = -17319 + 23787. Calculate the highest common factor of 4 and y.
4
Suppose 2*i - 198*p + 194*p = 2352, 2*i = -4*p + 2384. Calculate the highest common factor of i and 32.
32
Suppose 5*d - 150 = -0*d + w, -4*w - 11 = -d. Suppose b - d = 11. Calculate the highest common divisor of b and 35.
7
Let x = -6759 + 6935. What is the greatest common divisor of x and 976?
16
Let v be (-3 - -2)*(-5 + 1). Suppose 0 = 209*j - 200*j + 2043. Let k = 229 + j. Calculate the greatest common divisor of k and v.
2
Suppose 375 = 7*q - 2*q. Let v(g) = 2*g**2 - 24*g - 1058. Let a be v(31). Calculate the greatest common divisor of q and a.
15
Let d = 112 + 189. Suppose r - 2*u = 2*r - d, -u = -2*r + 612. Calculate the greatest common factor of 122 and r.
61
Suppose 0 = 3*z - 5*a + 703 - 664, -z + 31 = 2*a. Suppose r - 2 = 2. Let v be 2/r + 306/4. Calculate the highest common divisor of z and v.
7
Let d = 14194 - 13458. Calculate the highest common factor of 92 and d.
92
Let g(z) = 7*z**2 - 25*z + 33. Let l be g(6). Calculate the highest common factor of 171 and l.
9
Let x(a) = 20*a**2 + 257*a - 24. Let m be x(-15). What is the highest common factor of 378 and m?
27
Let u be (-3 + (-18)/(-10))/((-2)/20). Let w = u + -16. Let c(d) = -4*d - 15. Let k be c(w). What is the greatest common divisor of 6 and k?
1
Let x(g) = 6*g - 3. Let d be x(1). Suppose -4*c = -z - c, 0 = -d*c + 6. What is the greatest common divisor of z and 24?
6
Suppose -2*f = 5*v - 161, 3*f = 2*v + 2*v + 207. Suppose -1 = -2*x - f. Let w be ((-13)/(-4))/(1*(-1)/x). Calculate the greatest common factor of w and 13.
13
Let h(v) = -v**3 + 